3*l. Suppose 13 = -3*n + l. List the prime factors of n.
2, 3
Suppose 3*j - 195 = 4*j - 5*k, 2*k = -3*j - 568. List the prime factors of (57/19 + (-34)/10)*j.
2, 19
Let g = -4 - -7. Suppose 4*x + 496 = 4*c, -2*c + 258 = -g*x - x. What are the prime factors of c?
7, 17
Suppose 8*f - 172 = 188. Let h = f - 23. List the prime factors of h.
2, 11
Let u(l) = -12*l + 22. Let o be u(-9). Let b = 290 - o. List the prime factors of b.
2, 5
List the prime factors of -1593*((-8)/(-12))/(-2).
3, 59
Let h(i) = -i**2 - 10*i - 23. Let x be h(-6). Let l(r) = 50*r + 1. What are the prime factors of l(x)?
3, 17
Let k = -14 - -14. Suppose k*l + 72 = -6*l. List the prime factors of l/20 + (-69)/(-15).
2
Suppose -2*w + 8 - 4 = 0. Suppose -w*d + 1 = -1. List the prime factors of (-2 + 2 - d) + 12.
11
Let r = -14 - -14. Suppose r*d + d = -c - 13, -d = -5*c + 19. What are the prime factors of (-4)/d + 40/7?
2, 3
List the prime factors of 2 + (-922)/(-3) - 4/(-6).
2, 5, 31
Let d = 222 + -3. List the prime factors of d.
3, 73
Suppose 30 = 3*w + 5*q, -5*w + 6*w + q - 12 = 0. Let b = -16 + w. Let y(h) = -39*h**3. List the prime factors of y(b).
3, 13
Let u(g) = -3*g - g**2 - 5 - 2*g**3 + 3*g**3 + 1. Let f be u(3). Let o = 13 + f. What are the prime factors of o?
2, 3
Suppose 12288 = 5*v + 2*t - 11907, 0 = 3*v + t - 14516. List the prime factors of v.
7, 691
Let x be ((-3 + 1)/2)/(-1). Let j be 57 + -1*(x - -2). Suppose 4*t + j = 7*t. What are the prime factors of t?
2, 3
Let o(h) = -74*h + 88. List the prime factors of o(-8).
2, 5, 17
Let x = 9 + -26. Let h = 44 - x. List the prime factors of h.
61
Suppose -171 = -3*h + 939. List the prime factors of ((-2)/4)/((-5)/h).
37
Suppose -9*u + 4*l = -4*u - 17282, 0 = -4*u + 5*l + 13831. List the prime factors of u.
2, 11, 157
Suppose -b = -3, 4*v - 5*b = 2 - 17. Let t be ((v/(-3))/3)/(-2). Suppose -3*o + o + 44 = t. List the prime factors of o.
2, 11
Let x be 21/(-49) + 689/7. Suppose 0 = -2*o + x + 48. List the prime factors of o.
73
Let x = 40 + 174. What are the prime factors of x*(2/9)/(8/18)?
107
Let x = -73 - -43. List the prime factors of (-10868)/(-165) - 4/x.
2, 3, 11
What are the prime factors of (-3 - (-3002)/(-4))/(1/(-4))?
2, 11, 137
Let a = 1 + 3. Suppose a*i - 13 - 3 = 4*g, -5*g - 18 = -3*i. Let o = i + 2. List the prime factors of o.
3
Let b(l) = l**3 + 4*l**2 - 5*l - 4. Let x be b(-5). Let m(c) = -18*c. Let r be m(x). What are the prime factors of (r/21)/(2/14)?
2, 3
List the prime factors of -2 - -4 - (-287)/((-1)/(-1)).
17
Let r(j) = -2*j + 19. Suppose -4*m - 2*y - 20 = 0, -5*m + 3*y - 47 = -0*y. What are the prime factors of r(m)?
3, 11
Let f = -52 - -54. Suppose 4*s + t = 444, -t - 4 = -f*t. What are the prime factors of s?
2, 5, 11
Suppose -4*v + 6 = 3*u - v, -2*u = -4*v + 8. Suppose u = -6*y - 2*y + 480. List the prime factors of y.
2, 3, 5
Let p(y) = 7*y**2 - 11*y - 9. Let d be p(7). Let v = d + -116. What are the prime factors of v?
3, 47
Let j(t) = -1. Let u(m) = -m - 19. Let b(p) = 4*j(p) - u(p). List the prime factors of b(25).
2, 5
What are the prime factors of 23686/78 + 1/3?
2, 19
Let f(a) = 4*a**2 + 4*a - 45. What are the prime factors of f(20)?
3, 5, 109
Suppose 2*c - 69 - 175 = 0. Suppose -2*v + 4 = -c. What are the prime factors of v?
3, 7
Suppose 2*k + 3 + 2 = -3*p, -k = -p. Let c be p + 1 + -7 + 11. Let l = 4 + c. List the prime factors of l.
2
Let p be 7 - (0 - 6/(-2)). Let l = 5 + p. List the prime factors of l/(-2)*40/(-6).
2, 3, 5
Let m(l) = l**3 + 20*l**2 + 18*l - 2. Let y be m(-18). Suppose 3*g + z = -2*g + y, 0 = 2*g + 2*z - 124. What are the prime factors of g?
5, 13
Suppose 0 = 3*b + 25 - 61. Suppose -r = 2*r - b. What are the prime factors of (-3 + 75)/r - -3?
3, 7
Let c = -15 + 19. Suppose 5 = p + v, -8 = 5*p + c*v - 31. Suppose -p*u + 55 = h, -u - 2*h = -4*h - 30. What are the prime factors of u?
2, 5
Let w = -167 + 513. List the prime factors of w.
2, 173
Let i(x) = x**2 + 18*x - 36. What are the prime factors of i(-28)?
2, 61
Let v be (2 - 12) + (-5)/(-5). Suppose 73 = -4*n + 205. What are the prime factors of 1*n - (v - -12)?
2, 3, 5
Let n be 3/(-6)*(-2)/(-1). Let y(j) = 1. Let r(m) = -3*m**2 + m - 1. Let c(i) = n*r(i) - 2*y(i). What are the prime factors of c(2)?
3
Let l(w) be the third derivative of -41*w**6/120 + w**5/60 + w**2. Let g = -173 + 172. List the prime factors of l(g).
2, 3, 7
What are the prime factors of (-264)/44 - (-560 - 0)?
2, 277
Let w be 2 - (-2)/10 - 6/30. Suppose -4*i - 379 = -5*q, -w*q + i = 2*q - 312. What are the prime factors of q?
79
Let q(c) = -c**2 - 7*c + 2. Let a be q(-9). Let v be a/(-7) - (-14)/(-49). Suppose -v*f - 2*f = g - 40, 52 = 3*g - 5*f. List the prime factors of g.
2, 3
Suppose 16 + 44 = -4*l. Let j(r) = -8*r**2 + 54*r + 9. Let w be j(7). List the prime factors of -3 + 59 - l/w.
53
Let m(c) = c**3 + c - 2. Let p be m(0). Let s be p - (0/(-1) - -36). Let n = -14 - s. List the prime factors of n.
2, 3
Suppose 0 = -9*w + 17224 + 21296. List the prime factors of w.
2, 5, 107
Let y(l) = -l**2 - l - 1. Let h(n) = n**3 + 36*n**2 + 31*n + 26. Let x(w) = h(w) + 6*y(w). List the prime factors of x(-29).
2, 17
Let k = -9 + 34. Suppose 0 = 2*q - 3*q + k. Suppose -a = -3*f - q, 0*f - 2*f = a - 35. What are the prime factors of a?
31
Suppose -2*x + 57 = 265. Let t = -79 - x. List the prime factors of t.
5
Let x(l) = 36 + 12*l + 22*l + 0*l - 4*l. List the prime factors of x(7).
2, 3, 41
Let i(r) = 19*r + 87. List the prime factors of i(13).
2, 167
List the prime factors of -5 + 2021 + -1 + (-2)/(-2).
2, 3, 7
Let p(d) = -2 - 9*d**3 + 5*d**2 + 2*d + 0*d + 10*d**3. Let c(b) = b**3 + 2*b**2 - 2*b - 1. Let y be c(-3). What are the prime factors of p(y)?
2, 3
Suppose 13 = -s + 4*g, -g + 7 = 2. Let j be 1/4 - 451/(-4). Suppose -5*x = -j - s. List the prime factors of x.
2, 3
Let j(t) = t**2 + t + 112. Let u be 2/10 - ((-4)/10)/(-2). What are the prime factors of j(u)?
2, 7
Let x(d) = 3*d**2 - 12*d + 1. Let z be x(5). Let a(t) = t + 33. List the prime factors of a(z).
7
Let j = 2988 - 1863. What are the prime factors of j?
3, 5
Suppose -6*s - 640 = -2*s. Let d = s + 266. List the prime factors of d.
2, 53
Let b(l) = 24*l + 48. List the prime factors of b(14).
2, 3
Let a = 16 + -35. Let q be 87*1*(-3)/9. Let v = a - q. What are the prime factors of v?
2, 5
Let s = -295 - -451. List the prime factors of s.
2, 3, 13
Suppose 49*m - 1476 = 40*m. List the prime factors of m.
2, 41
Let z = -589 - -1291. List the prime factors of z.
2, 3, 13
Let t be 1004/18 - 2/(-9). Let h = t - 37. List the prime factors of h.
19
Let l(i) = 6 - 18*i + 12*i + 7*i. What are the prime factors of l(-2)?
2
Let z = 1851 + -1851. Suppose -4*w + 1044 = 2*n, -2*n - n = -6. Suppose 4*h - w + 28 = z. List the prime factors of h.
2, 29
Suppose 2*f - f = 2*j + 261, 2*f - 518 = 5*j. List the prime factors of f.
269
Suppose 0 = -5*o + 4*o - 4*i + 8, 4*i = -2*o + 4. Let s be 10/o*(-12)/10. Suppose s*c = 5*r + 2*c - 32, 4 = r + c. List the prime factors of r.
2, 3
Suppose -4937 = -3*m + 2*d - 7*d, 4*m = 4*d + 6636. List the prime factors of m.
2, 827
Let n = 400 + -148. List the prime factors of n.
2, 3, 7
Let r(p) = 53*p + 6. Let x be r(-4). Let s = x + 288. Suppose -f - 290 = -5*k, -2*k + s = -k - 5*f. List the prime factors of k.
3, 19
Let z be -4 - (2 + -2*4). Suppose z*n - 6*n = -140. What are the prime factors of n?
5, 7
Suppose 15*z - 6 = 16*z. Let t = 8 - z. Suppose -b - 4*y = -t, -2*y - 11 = 2*b - 7*y. What are the prime factors of b?
2
Suppose 32 = 4*w - 6*w + 4*h, -w = -4*h + 26. List the prime factors of ((-2)/(-3)*w - -2) + 55.
53
Let s be 32/(-24)*9/(-2). Suppose 15 = -3*r + s*r. Suppose 0 = -r*y - a + 32, 4*a - 5 = -17. List the prime factors of y.
7
Let x = 125 + -76. Let d(t) = t**3 - 4*t**2 - 3*t + 10. Let h be d(7). Suppose 3*q - h = -x. List the prime factors of q.
29
Let d(k) = -k**3 + k**2 + 10*k - 13. Let o be d(5). Let m = o + 149. What are the prime factors of m?
2, 43
Let o(u) = 2*u**2 - 16*u - 13. Let p(l) = l**2 - 8*l - 7. Let c(r) = -3*o(r) + 5*p(r). Let j be c(8). Suppose -j*h = -h - 81. List the prime factors of h.
3
What are the prime factors of 137775/36 - 4 - 6/72?
3823
Suppose 19 = 3*b - 164. Suppose -4*z + i = -214 - b, 5*z - 325 = -5*i. List the prime fa